{"id":297,"date":"2023-02-26T14:00:12","date_gmt":"2023-02-26T14:00:12","guid":{"rendered":"https:\/\/stalszczytno.pl\/?page_id=297"},"modified":"2023-07-10T18:00:31","modified_gmt":"2023-07-10T18:00:31","slug":"siatki-ogrodzeniowe-ogrodzenia-panelowe","status":"publish","type":"page","link":"https:\/\/stalszczytno.pl\/index.php\/siatki-ogrodzeniowe-ogrodzenia-panelowe\/","title":{"rendered":"Siatki ogrodzeniowe i ogrodzenia panelowe"},"content":{"rendered":"\n<p>Siatka ogrodzeniowa to rodzaj siatki cz\u0119sto stosowanej w ogrodzeniach metalowych. Jest trwa\u0142ym i sprawdzonym sposobem na ogrodzenie prywatnej posesji czy dzia\u0142ki rekreacyjnej. Siatka ogrodzeniowa mo\u017ce by\u0107 wykonana z r\u00f3\u017cnych materia\u0142\u00f3w, takich jak stal lub aluminium. Siatki ogrodzeniowe wykonane z drutu stalowego ocynkowanego s\u0105 \u0142atwe do zainstalowania na ramie metalowego ogrodzenia.<\/p>\n\n\n\n<figure class=\"is-layout-flex wp-block-gallery-1 wp-block-gallery has-nested-images columns-default is-cropped\">\n<figure class=\"wp-block-image size-full\"><img decoding=\"async\" loading=\"lazy\" width=\"768\" height=\"1024\" data-id=\"299\"  src=\"https:\/\/stalszczytno.pl\/wp-content\/uploads\/2023\/02\/siatka_stalowa_kobus_1.jpeg\" alt=\"siatka stalowa\" class=\"wp-image-299\" srcset=\"https:\/\/stalszczytno.pl\/wp-content\/uploads\/2023\/02\/siatka_stalowa_kobus_1.jpeg 768w, https:\/\/stalszczytno.pl\/wp-content\/uploads\/2023\/02\/siatka_stalowa_kobus_1-225x300.jpeg 225w\" sizes=\"(max-width: 768px) 100vw, 768px\" \/><\/figure>\n\n\n\n<figure class=\"wp-block-image size-full\"><img decoding=\"async\" loading=\"lazy\" width=\"1024\" height=\"768\" data-id=\"298\"  src=\"https:\/\/stalszczytno.pl\/wp-content\/uploads\/2023\/02\/siatka_stalowa_kobus_2.jpeg\" alt=\"siatka stalowa\" class=\"wp-image-298\" srcset=\"https:\/\/stalszczytno.pl\/wp-content\/uploads\/2023\/02\/siatka_stalowa_kobus_2.jpeg 1024w, https:\/\/stalszczytno.pl\/wp-content\/uploads\/2023\/02\/siatka_stalowa_kobus_2-300x225.jpeg 300w, https:\/\/stalszczytno.pl\/wp-content\/uploads\/2023\/02\/siatka_stalowa_kobus_2-768x576.jpeg 768w\" sizes=\"(max-width: 1024px) 100vw, 1024px\" \/><\/figure>\n<\/figure>\n","protected":false},"excerpt":{"rendered":"<p>Siatka ogrodzeniowa to rodzaj siatki cz\u0119sto stosowanej w ogrodzeniach metalowych. Jest trwa\u0142ym i sprawdzonym sposobem na ogrodzenie prywatnej posesji czy dzia\u0142ki rekreacyjnej. Siatka ogrodzeniowa mo\u017ce by\u0107 wykonana z r\u00f3\u017cnych materia\u0142\u00f3w, takich jak stal lub aluminium. Siatki ogrodzeniowe wykonane z drutu stalowego ocynkowanego s\u0105 \u0142atwe do zainstalowania na ramie metalowego ogrodzenia.<\/p>\n","protected":false},"author":1,"featured_media":0,"parent":0,"menu_order":0,"comment_status":"closed","ping_status":"closed","template":"","meta":[],"yoast_head":"<!-- This site is optimized with the Yoast SEO plugin v20.1 - https:\/\/yoast.com\/wordpress\/plugins\/seo\/ -->\n<title>P.H.U Hurtownia stali Justyna Kobus - Szczytno<\/title>\n<meta name=\"description\" content=\"Siatka ogrodzeniowa to rodzaj siatki cz\u0119sto stosowanej w ogrodzeniach metalowych. Jest trwa\u0142ym i sprawdzonym sposobem na ogrodzenie prywatnej posesji czy dzia\u0142ki rekreacyjnej. Siatka ogrodzeniowa mo\u017ce by\u0107 wykonana z r\u00f3\u017cnych materia\u0142\u00f3w, takich jak stal lub aluminium.\" \/>\n<meta name=\"robots\" content=\"index, follow, max-snippet:-1, max-image-preview:large, max-video-preview:-1\" \/>\n<link rel=\"canonical\" href=\"https:\/\/stalszczytno.pl\/index.php\/siatki-ogrodzeniowe-ogrodzenia-panelowe\/\" \/>\n<meta property=\"og:locale\" content=\"pl_PL\" \/>\n<meta property=\"og:type\" content=\"article\" \/>\n<meta property=\"og:title\" content=\"P.H.U Hurtownia stali Justyna Kobus - Szczytno\" \/>\n<meta property=\"og:description\" content=\"Siatka ogrodzeniowa to rodzaj siatki cz\u0119sto stosowanej w ogrodzeniach metalowych. Jest trwa\u0142ym i sprawdzonym sposobem na ogrodzenie prywatnej posesji czy dzia\u0142ki rekreacyjnej. Siatka ogrodzeniowa mo\u017ce by\u0107 wykonana z r\u00f3\u017cnych materia\u0142\u00f3w, takich jak stal lub aluminium.\" \/>\n<meta property=\"og:url\" content=\"https:\/\/stalszczytno.pl\/index.php\/siatki-ogrodzeniowe-ogrodzenia-panelowe\/\" \/>\n<meta property=\"og:site_name\" content=\"P.H.U Hurtownia Stali Justyna Kobus\" \/>\n<meta property=\"article:modified_time\" content=\"2023-07-10T18:00:31+00:00\" \/>\n<meta property=\"og:image\" content=\"https:\/\/stalszczytno.pl\/wp-content\/uploads\/2023\/02\/siatka_stalowa_kobus_1.jpeg\" \/>\n<meta name=\"twitter:card\" content=\"summary_large_image\" \/>\n<meta name=\"twitter:label1\" content=\"Szacowany czas czytania\" \/>\n\t<meta name=\"twitter:data1\" content=\"1 minuta\" \/>\n<script type=\"application\/ld+json\" class=\"yoast-schema-graph\">{\"@context\":\"https:\/\/schema.org\",\"@graph\":[{\"@type\":\"WebPage\",\"@id\":\"https:\/\/stalszczytno.pl\/index.php\/siatki-ogrodzeniowe-ogrodzenia-panelowe\/\",\"url\":\"https:\/\/stalszczytno.pl\/index.php\/siatki-ogrodzeniowe-ogrodzenia-panelowe\/\",\"name\":\"P.H.U Hurtownia stali Justyna Kobus - Szczytno\",\"isPartOf\":{\"@id\":\"https:\/\/stalszczytno.pl\/#website\"},\"datePublished\":\"2023-02-26T14:00:12+00:00\",\"dateModified\":\"2023-07-10T18:00:31+00:00\",\"description\":\"Siatka ogrodzeniowa to rodzaj siatki cz\u0119sto stosowanej w ogrodzeniach metalowych. Jest trwa\u0142ym i sprawdzonym sposobem na ogrodzenie prywatnej posesji czy dzia\u0142ki rekreacyjnej. Siatka ogrodzeniowa mo\u017ce by\u0107 wykonana z r\u00f3\u017cnych materia\u0142\u00f3w, takich jak stal lub aluminium.\",\"breadcrumb\":{\"@id\":\"https:\/\/stalszczytno.pl\/index.php\/siatki-ogrodzeniowe-ogrodzenia-panelowe\/#breadcrumb\"},\"inLanguage\":\"pl-PL\",\"potentialAction\":[{\"@type\":\"ReadAction\",\"target\":[\"https:\/\/stalszczytno.pl\/index.php\/siatki-ogrodzeniowe-ogrodzenia-panelowe\/\"]}]},{\"@type\":\"BreadcrumbList\",\"@id\":\"https:\/\/stalszczytno.pl\/index.php\/siatki-ogrodzeniowe-ogrodzenia-panelowe\/#breadcrumb\",\"itemListElement\":[{\"@type\":\"ListItem\",\"position\":1,\"name\":\"Home\",\"item\":\"https:\/\/stalszczytno.pl\/\"},{\"@type\":\"ListItem\",\"position\":2,\"name\":\"Siatki ogrodzeniowe i ogrodzenia panelowe\"}]},{\"@type\":\"WebSite\",\"@id\":\"https:\/\/stalszczytno.pl\/#website\",\"url\":\"https:\/\/stalszczytno.pl\/\",\"name\":\"P.H.U Hurtownia Stali Justyna Kobus\",\"description\":\"P.H.U Hurtownia Stali Justyna Kobus\",\"publisher\":{\"@id\":\"https:\/\/stalszczytno.pl\/#organization\"},\"alternateName\":\"Hurtownia Stali Szczytno\",\"potentialAction\":[{\"@type\":\"SearchAction\",\"target\":{\"@type\":\"EntryPoint\",\"urlTemplate\":\"https:\/\/stalszczytno.pl\/?s={search_term_string}\"},\"query-input\":\"required name=search_term_string\"}],\"inLanguage\":\"pl-PL\"},{\"@type\":\"Organization\",\"@id\":\"https:\/\/stalszczytno.pl\/#organization\",\"name\":\"P.H.U Hurtownia Stali Justyna Kobus\",\"alternateName\":\"P.H.U Hurtownia Stali Justyna Kobus\",\"url\":\"https:\/\/stalszczytno.pl\/\",\"logo\":{\"@type\":\"ImageObject\",\"inLanguage\":\"pl-PL\",\"@id\":\"https:\/\/stalszczytno.pl\/#\/schema\/logo\/image\/\",\"url\":\"https:\/\/stalszczytno.pl\/wp-content\/uploads\/2023\/02\/stal_logo.webp\",\"contentUrl\":\"https:\/\/stalszczytno.pl\/wp-content\/uploads\/2023\/02\/stal_logo.webp\",\"width\":730,\"height\":512,\"caption\":\"P.H.U Hurtownia Stali Justyna Kobus\"},\"image\":{\"@id\":\"https:\/\/stalszczytno.pl\/#\/schema\/logo\/image\/\"}}]}<\/script>\n<!-- \/ Yoast SEO plugin. -->","yoast_head_json":{"title":"P.H.U Hurtownia stali Justyna Kobus - Szczytno","description":"Siatka ogrodzeniowa to rodzaj siatki cz\u0119sto stosowanej w ogrodzeniach metalowych. Jest trwa\u0142ym i sprawdzonym sposobem na ogrodzenie prywatnej posesji czy dzia\u0142ki rekreacyjnej. Siatka ogrodzeniowa mo\u017ce by\u0107 wykonana z r\u00f3\u017cnych materia\u0142\u00f3w, takich jak stal lub aluminium.","robots":{"index":"index","follow":"follow","max-snippet":"max-snippet:-1","max-image-preview":"max-image-preview:large","max-video-preview":"max-video-preview:-1"},"canonical":"https:\/\/stalszczytno.pl\/index.php\/siatki-ogrodzeniowe-ogrodzenia-panelowe\/","og_locale":"pl_PL","og_type":"article","og_title":"P.H.U Hurtownia stali Justyna Kobus - Szczytno","og_description":"Siatka ogrodzeniowa to rodzaj siatki cz\u0119sto stosowanej w ogrodzeniach metalowych. Jest trwa\u0142ym i sprawdzonym sposobem na ogrodzenie prywatnej posesji czy dzia\u0142ki rekreacyjnej. Siatka ogrodzeniowa mo\u017ce by\u0107 wykonana z r\u00f3\u017cnych materia\u0142\u00f3w, takich jak stal lub aluminium.","og_url":"https:\/\/stalszczytno.pl\/index.php\/siatki-ogrodzeniowe-ogrodzenia-panelowe\/","og_site_name":"P.H.U Hurtownia Stali Justyna Kobus","article_modified_time":"2023-07-10T18:00:31+00:00","og_image":[{"url":"https:\/\/stalszczytno.pl\/wp-content\/uploads\/2023\/02\/siatka_stalowa_kobus_1.jpeg"}],"twitter_card":"summary_large_image","twitter_misc":{"Szacowany czas czytania":"1 minuta"},"schema":{"@context":"https:\/\/schema.org","@graph":[{"@type":"WebPage","@id":"https:\/\/stalszczytno.pl\/index.php\/siatki-ogrodzeniowe-ogrodzenia-panelowe\/","url":"https:\/\/stalszczytno.pl\/index.php\/siatki-ogrodzeniowe-ogrodzenia-panelowe\/","name":"P.H.U Hurtownia stali Justyna Kobus - Szczytno","isPartOf":{"@id":"https:\/\/stalszczytno.pl\/#website"},"datePublished":"2023-02-26T14:00:12+00:00","dateModified":"2023-07-10T18:00:31+00:00","description":"Siatka ogrodzeniowa to rodzaj siatki cz\u0119sto stosowanej w ogrodzeniach metalowych. Jest trwa\u0142ym i sprawdzonym sposobem na ogrodzenie prywatnej posesji czy dzia\u0142ki rekreacyjnej. Siatka ogrodzeniowa mo\u017ce by\u0107 wykonana z r\u00f3\u017cnych materia\u0142\u00f3w, takich jak stal lub aluminium.","breadcrumb":{"@id":"https:\/\/stalszczytno.pl\/index.php\/siatki-ogrodzeniowe-ogrodzenia-panelowe\/#breadcrumb"},"inLanguage":"pl-PL","potentialAction":[{"@type":"ReadAction","target":["https:\/\/stalszczytno.pl\/index.php\/siatki-ogrodzeniowe-ogrodzenia-panelowe\/"]}]},{"@type":"BreadcrumbList","@id":"https:\/\/stalszczytno.pl\/index.php\/siatki-ogrodzeniowe-ogrodzenia-panelowe\/#breadcrumb","itemListElement":[{"@type":"ListItem","position":1,"name":"Home","item":"https:\/\/stalszczytno.pl\/"},{"@type":"ListItem","position":2,"name":"Siatki ogrodzeniowe i ogrodzenia panelowe"}]},{"@type":"WebSite","@id":"https:\/\/stalszczytno.pl\/#website","url":"https:\/\/stalszczytno.pl\/","name":"P.H.U Hurtownia Stali Justyna Kobus","description":"P.H.U Hurtownia Stali Justyna Kobus","publisher":{"@id":"https:\/\/stalszczytno.pl\/#organization"},"alternateName":"Hurtownia Stali Szczytno","potentialAction":[{"@type":"SearchAction","target":{"@type":"EntryPoint","urlTemplate":"https:\/\/stalszczytno.pl\/?s={search_term_string}"},"query-input":"required name=search_term_string"}],"inLanguage":"pl-PL"},{"@type":"Organization","@id":"https:\/\/stalszczytno.pl\/#organization","name":"P.H.U Hurtownia Stali Justyna Kobus","alternateName":"P.H.U Hurtownia Stali Justyna Kobus","url":"https:\/\/stalszczytno.pl\/","logo":{"@type":"ImageObject","inLanguage":"pl-PL","@id":"https:\/\/stalszczytno.pl\/#\/schema\/logo\/image\/","url":"https:\/\/stalszczytno.pl\/wp-content\/uploads\/2023\/02\/stal_logo.webp","contentUrl":"https:\/\/stalszczytno.pl\/wp-content\/uploads\/2023\/02\/stal_logo.webp","width":730,"height":512,"caption":"P.H.U Hurtownia Stali Justyna Kobus"},"image":{"@id":"https:\/\/stalszczytno.pl\/#\/schema\/logo\/image\/"}}]}},"_links":{"self":[{"href":"https:\/\/stalszczytno.pl\/index.php\/wp-json\/wp\/v2\/pages\/297"}],"collection":[{"href":"https:\/\/stalszczytno.pl\/index.php\/wp-json\/wp\/v2\/pages"}],"about":[{"href":"https:\/\/stalszczytno.pl\/index.php\/wp-json\/wp\/v2\/types\/page"}],"author":[{"embeddable":true,"href":"https:\/\/stalszczytno.pl\/index.php\/wp-json\/wp\/v2\/users\/1"}],"replies":[{"embeddable":true,"href":"https:\/\/stalszczytno.pl\/index.php\/wp-json\/wp\/v2\/comments?post=297"}],"version-history":[{"count":2,"href":"https:\/\/stalszczytno.pl\/index.php\/wp-json\/wp\/v2\/pages\/297\/revisions"}],"predecessor-version":[{"id":341,"href":"https:\/\/stalszczytno.pl\/index.php\/wp-json\/wp\/v2\/pages\/297\/revisions\/341"}],"wp:attachment":[{"href":"https:\/\/stalszczytno.pl\/index.php\/wp-json\/wp\/v2\/media?parent=297"}],"curies":[{"name":"wp","href":"https:\/\/api.w.org\/{rel}","templated":true}]}}